
2
Let r = 42 + 14. Let s = r + -25. Suppose -4*q = -s - 1. What is the units digit of q?
8
Let l be (-4 - -1)/(6/30). Let x(f) = -f**2 - 15*f + 20. What is the tens digit of x(l)?
2
Let s(i) = i**3 - 22*i**2 + 4*i + 18. What is the hundreds digit of s(22)?
1
Suppose y + i = 29, y + 3*i + i - 32 = 0. Suppose 0 - 12 = d. Let c = d + y. What is the units digit of c?
6
Let f(c) = -7*c + 8 + 4 + 183*c**2 - 15 + 2*c. What is the tens digit of f(-1)?
8
Suppose -5 = h, 2*h - 11 = -p - 0*p. Suppose -5*a = j + 11, 2*a = 3*j - a - p. What is the units digit of 0 - (-172)/4 - j?
9
Let j = 151 - 86. Let n(p) = -3*p**3 - 2*p**2 - p + 2. Let z be n(2). Let r = j + z. What is the tens digit of r?
3
Let i = -6 - -8. Suppose -5*t = 4*a - 14, -2*t - 4*a + i*a = -4. Suppose 25 = t*s - s. What is the units digit of s?
5
Suppose -1051 + 3631 = 5*n. What is the hundreds digit of n?
5
Suppose 158*x = 96*x + 176328. What is the hundreds digit of x?
8
Let m = 509 + 212. What is the units digit of m?
1
Let m = 5495 + -2626. What is the tens digit of m?
6
Let w = 39 + -38. Suppose 776 = 5*i + 5*v - 4, 0 = v - w. What is the units digit of i?
5
What is the units digit of (4615/26)/((-2)/(-4))?
5
Let o be 3*3/18*8. Let j be o/4*21 + -2. Suppose -5*x + j + 56 = 0. What is the units digit of x?
5
Let m = 99 - 45. What is the tens digit of m?
5
Let g = 33 - 26. Let u = 6 + g. What is the tens digit of u?
1
Let i = 43 + -39. Suppose -3*x = k - 83, 0*x = 5*k - i*x - 358. What is the tens digit of k?
7
Let m(y) = -y**3 - 3*y**2 - 7*y - 5. Let f be m(-5). Suppose -8*j = -6*j - f. What is the units digit of (11 - 1)*j/16?
5
Suppose -44 = 4*r - 176. Let m = r + 153. Suppose m = 4*c + 26. What is the units digit of c?
0
Suppose 0*u - 2*c = 2*u - 2, -8 = 4*c. Suppose -u*h + 12 = -0. What is the units digit of h?
4
Suppose -297 = 12*v - 15*v. Let z = v + 23. What is the hundreds digit of z?
1
Let v(o) = 395*o + 330. What is the tens digit of v(6)?
0
Suppose 5*m - 39 = 2*n, 0 = -3*m + 4*n + 6 + 9. Suppose 0 = 2*z + 2*c, 0 = -2*z - 2*z + 5*c + 9. What is the units digit of (m + 24)/(2 - z)?
3
Let o be (9 + -4)/(2/(-28)). What is the units digit of 1/((-15)/12)*o?
6
Let k(h) be the third derivative of h**5/20 + h**4/24 + h**3/6 - h**2. Let j be k(1). Suppose -2*t + 308 = j*d, -t + 2 = -3*t. What is the units digit of d?
2
Let g(d) = d - 1. Let m(q) = -q**2 - 2*q + 5. Let t be m(-3). Let w be g(t). What is the tens digit of w*1/3*105?
3
Let a(l) = l**2 - l + 294. Let s(x) = -x**2 + x - 295. Let n(m) = 5*a(m) + 4*s(m). Let k be n(0). What is the tens digit of k/12 + (-6)/36?
2
Let z(u) be the first derivative of 50*u**2 - 5. Let p be z(-2). What is the tens digit of p/(-7) + (-20)/35?
2
Suppose -9*n = -20 + 2. Suppose 0 = -n*h - 2*h + 44. What is the units digit of h?
1
Let u(z) = z + 1. Let t be u(9). Let m = 69 - t. What is the tens digit of m?
5
Suppose 5*z = n - 346, 4*z + z = 2*n - 347. Let j = z - -84. What is the units digit of j?
5
Let d(y) be the third derivative of y**4/24 + 7*y**3/2 - 26*y**2. What is the units digit of d(13)?
4
What is the tens digit of (0 - 2/4)*(-2985 - -89)?
4
Let p(u) = u**3 - 27*u**2 - 60*u + 12. Let x be p(29). Suppose -3*i + 32 = 5*a, -2*a - 12 = i - 6*a. Let h = i - x. What is the units digit of h?
0
Let i(b) be the first derivative of -7*b**2/2 - 2*b - 34. Let s = 0 + -2. What is the units digit of i(s)?
2
Let m = -510 - -2072. What is the hundreds digit of m?
5
Let g = -455 - -1164. What is the units digit of g?
9
Suppose 0 = -3*l - 216 - 0. Let n = 104 + l. Let i = -14 + n. What is the units digit of i?
8
Suppose 4*n - 2*q - 1163 - 4645 = 0, 3*n - 2*q - 4358 = 0. What is the hundreds digit of n?
4
Let c = 9 - 4. Suppose 221 = -c*p + 4*z, -5*p - 224 = -2*z + z. What is the units digit of 127/5 + 18/p?
5
Let y be 2494/7 - (-24)/(-84). Suppose 0 = -v + a - 2*a + 168, -3*a - y = -2*v. What is the tens digit of v?
7
Let r(b) = 38*b**2 - 14*b - 18. What is the hundreds digit of r(-5)?
0
Let w(p) = p + 16. Let z be w(-14). Suppose 2*y = y + 4, 2*r - 530 = z*y. What is the hundreds digit of r?
2
Let l(o) be the first derivative of -19*o**3/3 - o**2/2 + 8*o + 14. Let q(u) be the first derivative of l(u). What is the units digit of q(-1)?
7
What is the units digit of -15*(5 + 138/(-5))?
9
Let n(p) = -p**2 - 40*p - 14. What is the tens digit of n(-18)?
8
Suppose -u = u - 22. Let p = -18 + u. Let t(x) = -2*x - 1. What is the units digit of t(p)?
3
Suppose -x + 1477 = 4*s, -3*x + 3*s + 5683 - 1222 = 0. What is the tens digit of x?
8
Suppose -5*h = -5, -2*n + 35 + 222 = -5*h. What is the units digit of n?
1
Let x = 5 + -9. Let f(j) = -j**3 - 5*j**2 - 3*j + 4. Let k be f(x). Suppose k*r = -5*r + 140. What is the units digit of r?
8
Let l = -15 - -14. What is the tens digit of 17 + (-4 - l) - 0?
1
Suppose s - 4 = -2*p - 123, p = -4*s - 63. Let q = p - -117. Let v = 97 - q. What is the units digit of v?
9
Let f be -13*(-3 - (0 - 0)). Let q = f + -10. Let s = q - 5. What is the tens digit of s?
2
Let w(g) = g**2 + 3*g - 7. Let q be w(-5). Suppose -t = q*t - 484. What is the hundreds digit of t?
1
Let c = 290 + -261. What is the tens digit of c?
2
Let x = 1826 - 1677. What is the tens digit of x?
4
Suppose -3*x + 48 = 6. Suppose 3*t - 5*t - 2*o = -4, 3*t + x = o. Let w(j) = 2*j**2 - 3. What is the units digit of w(t)?
5
Let z(l) = -2*l**2 - l**3 + l + 2 - 4*l + 3*l**3 + 2*l**3. Let w be 0 + -1 - (-9)/3. What is the tens digit of z(w)?
2
Let z(q) = 10*q**3 + q + 1. Let d be z(-1). Let r(j) = j**3 + 11*j**2 + 9*j - 8. Let p be r(d). Suppose 78 + p = 5*x. What is the tens digit of x?
1
Let q(p) be the third derivative of p**5/60 - 3*p**4/8 + 5*p**3/6 - 5*p**2. What is the units digit of q(-10)?
5
Suppose 0*a + a = 5*t - 16, -t + 3*a = -6. Suppose 0 = -4*l - n + 1111, -t*l = -5*n - 565 - 274. What is the units digit of l?
8
Let c(u) = -3*u**2 - 4*u + 1. Let t be c(-4). Let k = t + 43. What is the tens digit of k?
1
Suppose -4*y = -4*n + 660, 4*y + 671 + 29 = -4*n. Let l = y - -241. What is the units digit of l?
1
Suppose 1003 + 97 = 5*o. Let p be (-6)/(-10) - o/(-50). Suppose p*x + 2*v = -2*v + 115, 0 = -4*x - 2*v + 98. What is the tens digit of x?
2
Suppose 5*g + 143 - 43 = 0. Let s = 87 + g. What is the tens digit of s?
6
Suppose 3*h + 4*v - 77 = 0, 3*h - 5*v + v = 37. Let b = h - 15. What is the units digit of b?
4
Let k(o) = o + 9. Let w be 2/(-7) + 80/(-14). Let d be k(w). Suppose 0*a - 30 = -d*a. What is the units digit of a?
0
Let r(w) be the first derivative of w**3/3 - 2*w**2 - 10*w - 16. What is the tens digit of r(12)?
8
Suppose 0 = -4*p + 2*p - 4*q + 1674, 0 = -3*p - q + 2491. What is the tens digit of p?
2
Let s be ((-16)/20)/(2/(-5)). Suppose -5*d - 2*p + 10 = 0, 0 = -2*d + p + s + 2. What is the units digit of d/(-7) - 2286/(-63)?
6
Let x = 3242 + -2179. What is the hundreds digit of x?
0
Suppose -3*m - g - 8 = 0, 0 = -4*m + 6*m + 4*g + 12. What is the units digit of 15/2 + m/4?
7
Let l(s) = 17*s**2 + 11*s + 44. What is the thousands digit of l(-8)?
1
Suppose -o - 15 = 4*y, -5*y - 21 = -0*y - o. What is the units digit of (-1 - 79)*3/y?
0
Suppose 5*r - 7*r - 3*w = -4509, -4*w = -5*r + 11261. What is the hundreds digit of r?
2
Let h(p) = 5*p - 2*p**2 + 2*p**3 + 0 - 5 - 2 - 3. What is the units digit of h(3)?
1
Suppose -5*f = 2*p - 1045, -5*p + 1030 = 2*f + 3*f. What is the tens digit of (1 - (7 - 1)) + f?
0
Let d = 8 - 4. Let q be 3/1 + -2 + d. Suppose -q*n = -0*n - 45. What is the units digit of n?
9
Suppose -20 = -s - 18. Suppose -5*k = 0, 0*p = 3*p + s*k - 210. What is the units digit of p?
0
Let m be (6/(-8))/((-9)/60). Suppose m*w = -2*g + 44, -3*w + 2 = -2*w. What is the units digit of g?
7
Suppose -27780 = -12*w - 8*w. What is the hundreds digit of w?
3
What is the units digit of 7/(-14) - (1 - (-2134)/(-4))?
2
Let v = 7 - 12. Let q = v + 25. Suppose 5*w - q = -0*w, -10 = -2*k - w. What is the units digit of k?
3
Let a be 650/80 + (-1)/8. Suppose -5 + 109 = a*q. What is the tens digit of q?
1
Suppose 3*a - 1290 = 13*a. Let p = -54 - a. What is the units digit of p?
5
Let a(s) = s**2 + 4*s + 4. Let r be a(-3). Let u = r - -2. Suppose -4*h - u = -27. What is the units digit of h?
6
Suppose -4436 = -16*n + 396. What is the hundreds digit of n?
3
Let